{"id":407,"date":"2019-02-18T11:51:30","date_gmt":"2019-02-18T11:51:30","guid":{"rendered":"https:\/\/www.atlanticadechorro.com\/achorros\/?page_id=407"},"modified":"2019-04-15T09:40:59","modified_gmt":"2019-04-15T09:40:59","slug":"politica-de-calidad-y-medio-ambiente","status":"publish","type":"page","link":"https:\/\/www.atlanticadechorro.com\/atlantica\/politica-de-calidad-y-medio-ambiente\/","title":{"rendered":"Pol\u00edtica de Calidad y Medio Ambiente"},"content":{"rendered":"<p>[et_pb_section fb_built=\u00bb1&#8243; _builder_version=\u00bb3.22&#8243;][et_pb_row _builder_version=\u00bb3.22&#8243;][et_pb_column type=\u00bb4_4&#8243; _builder_version=\u00bb3.19.15&#8243;][et_pb_text _builder_version=\u00bb3.19.15&#8243;]<strong><\/p>\n<h2>POL\u00cdTICA DE CALIDAD Y MEDIO AMBIENTE<\/h2>\n<p><\/strong><\/p>\n<p><strong>ATL\u00c1NTICA DE CHORRO, S.L.<\/strong>, dedicada a la Comercializaci\u00f3n de Productos, M\u00e1quinas y Recambios relacionados con el Suministro Industrial, adapt\u00e1ndose a las necesidades exigidas por unmercado cada vez m\u00e1s competitivo, mantiene el m\u00e1s alto nivel de calidad en la prestaci\u00f3n de sus servicios y compromiso con el medio ambiente. Con este objeto ha implantado el Sistema de Gesti\u00f3n dela Calidad y Medio Ambiente que cumple los requisitos de las Normas <strong>ISO 9001:2008<\/strong> e <strong>ISO 14001:2004<\/strong>, regido por los siguientes compromisos:<\/p>\n<ul>\n<li>El compromiso principal es la Satisfacci\u00f3n del Cliente. En este sentido se cumplir\u00e1n estrictamente los requisitos especificados por el mismo y todas las actividades se realizar\u00e1n respetando la normativa legal aplicable y fomentando el uso adecuado y racional de los recursos empleados.<\/li>\n<li>Se motivar\u00e1 y formar\u00e1 al personal permitiendo su desarrollo profesional y potenciando su actitud de trabajo en equipo. La calidad y el respeto hacia el medio ambiente exige un esfuerzo constante de mejora por parte de todos.<\/li>\n<li>Se proporcionar\u00e1n los recursos necesarios, tanto humanos como materiales, para el correcto funcionamiento del Sistema de Gesti\u00f3n Integrado, asegurando la calidad en la prestaci\u00f3n de los servicios y la adopci\u00f3n de medidas encaminadas a la protecci\u00f3n del entorno.<\/li>\n<li>Se establecer\u00e1n los criterios operacionales necesarios para la prevenci\u00f3n y control de las afecciones al Medio Ambiente, asumiendo el compromiso de reducir los impactos ambientales que su actividad pueda provocar.<\/li>\n<li>Peri\u00f3dicamente se establecer\u00e1n y revisar\u00e1n objetivos y metas coherentes con esta Pol\u00edtica deCalidad y Medio Ambiente y se analizar\u00e1 su cumplimiento para impulsar las mejoras necesarias.<\/li>\n<li>Se revisar\u00e1 peri\u00f3dicamente el funcionamiento del Sistema de Gesti\u00f3n de la Calidad y Ambiental para mejorar continuamente su eficacia.<\/li>\n<\/ul>\n<p>La Direcci\u00f3n reconoce la <strong>CALIDAD<\/strong> y el <strong>MEDIO AMBIENTE<\/strong> como el factor determinante de su estrategia empresarial. La Direcci\u00f3n se compromete a comunicar y explicar esta Pol\u00edtica de Calidad y Ambiental a todas las personas que trabajan en la organizaci\u00f3n o en nombre de ella. As\u00ed mismo, estar\u00e1 publicada en la p\u00e1gina web de la empresa a disposici\u00f3n del p\u00fablico.<\/p>\n<p style=\"text-align: right;\">En Chiclana de la Frontera, a 15 de julio de 2015.<\/p>\n<p>[\/et_pb_text][\/et_pb_column][\/et_pb_row][et_pb_row _builder_version=\u00bb3.22&#8243;][et_pb_column type=\u00bb1_2&#8243; _builder_version=\u00bb3.19.15&#8243;][et_pb_image src=\u00bbhttps:\/\/www.atlanticadechorro.com\/atlantica\/wp-content\/uploads\/2019\/02\/ISO-9001-54363-ECert-e1550575019333.jpg\u00bb show_in_lightbox=\u00bbon\u00bb align=\u00bbcenter\u00bb _builder_version=\u00bb3.22.1&#8243; max_width=\u00bb50%\u00bb][\/et_pb_image][\/et_pb_column][et_pb_column type=\u00bb1_2&#8243; _builder_version=\u00bb3.19.15&#8243;][et_pb_image src=\u00bbhttps:\/\/www.atlanticadechorro.com\/atlantica\/wp-content\/uploads\/2019\/02\/ISO-14001-54364-ECert.jpg\u00bb show_in_lightbox=\u00bbon\u00bb align=\u00bbcenter\u00bb _builder_version=\u00bb3.22.1&#8243; max_width=\u00bb50%\u00bb][\/et_pb_image][\/et_pb_column][\/et_pb_row][et_pb_row _builder_version=\u00bb3.22&#8243;][et_pb_column type=\u00bb1_2&#8243; _builder_version=\u00bb3.19.15&#8243;][et_pb_text _builder_version=\u00bb3.19.15&#8243; text_font=\u00bb||||||||\u00bb text_orientation=\u00bbcenter\u00bb]<\/p>\n<h4>CERTIFICADO ISO 9001:2015<\/h4>\n<p>[\/et_pb_text][\/et_pb_column][et_pb_column type=\u00bb1_2&#8243; _builder_version=\u00bb3.19.15&#8243;][et_pb_text _builder_version=\u00bb3.19.15&#8243; text_font=\u00bb||||||||\u00bb text_orientation=\u00bbcenter\u00bb]<\/p>\n<h4 class=\"et_pb_module_header\">CERTIFICADO ISO 14001:2015<\/h4>\n<p>[\/et_pb_text][\/et_pb_column][\/et_pb_row][\/et_pb_section]<\/p>\n","protected":false},"excerpt":{"rendered":"<p>[et_pb_section fb_built=\u00bb1&#8243; _builder_version=\u00bb3.22&#8243;][et_pb_row _builder_version=\u00bb3.22&#8243;][et_pb_column type=\u00bb4_4&#8243; _builder_version=\u00bb3.19.15&#8243;][et_pb_text _builder_version=\u00bb3.19.15&#8243;] POL\u00cdTICA DE CALIDAD Y MEDIO AMBIENTE ATL\u00c1NTICA DE CHORRO, S.L., dedicada a la Comercializaci\u00f3n de Productos, M\u00e1quinas y Recambios relacionados con el Suministro Industrial, adapt\u00e1ndose a las necesidades exigidas por unmercado cada vez m\u00e1s competitivo, mantiene el m\u00e1s alto nivel de calidad en la prestaci\u00f3n de sus servicios [&hellip;]<\/p>\n","protected":false},"author":1,"featured_media":0,"parent":0,"menu_order":0,"comment_status":"closed","ping_status":"closed","template":"","meta":{"_et_pb_use_builder":"on","_et_pb_old_content":"","_et_gb_content_width":"","spay_email":""},"jetpack_sharing_enabled":true,"jetpack_shortlink":"https:\/\/wp.me\/PaG2wv-6z","_links":{"self":[{"href":"https:\/\/www.atlanticadechorro.com\/atlantica\/wp-json\/wp\/v2\/pages\/407"}],"collection":[{"href":"https:\/\/www.atlanticadechorro.com\/atlantica\/wp-json\/wp\/v2\/pages"}],"about":[{"href":"https:\/\/www.atlanticadechorro.com\/atlantica\/wp-json\/wp\/v2\/types\/page"}],"author":[{"embeddable":true,"href":"https:\/\/www.atlanticadechorro.com\/atlantica\/wp-json\/wp\/v2\/users\/1"}],"replies":[{"embeddable":true,"href":"https:\/\/www.atlanticadechorro.com\/atlantica\/wp-json\/wp\/v2\/comments?post=407"}],"version-history":[{"count":14,"href":"https:\/\/www.atlanticadechorro.com\/atlantica\/wp-json\/wp\/v2\/pages\/407\/revisions"}],"predecessor-version":[{"id":475,"href":"https:\/\/www.atlanticadechorro.com\/atlantica\/wp-json\/wp\/v2\/pages\/407\/revisions\/475"}],"wp:attachment":[{"href":"https:\/\/www.atlanticadechorro.com\/atlantica\/wp-json\/wp\/v2\/media?parent=407"}],"curies":[{"name":"wp","href":"https:\/\/api.w.org\/{rel}","templated":true}]}}