{"id":291,"date":"2019-02-15T11:27:43","date_gmt":"2019-02-15T11:27:43","guid":{"rendered":"https:\/\/www.atlanticadechorro.com\/achorros\/?post_type=product&#038;p=291"},"modified":"2019-02-18T12:57:21","modified_gmt":"2019-02-18T12:57:21","slug":"pistola-inyeccion-power","status":"publish","type":"product","link":"https:\/\/www.atlanticadechorro.com\/atlantica\/producto\/pistola-inyeccion-power\/","title":{"rendered":"Pistola Inyecci\u00f3n Power"},"content":{"rendered":"<p align=\"justify\">La Pistola Power, consiste en la manguera de alimentaci\u00f3n de aire, manguera de aspiraci\u00f3n de abrasivo y la pistola de la imagen.<br \/>\nEste equipo tiene una gran producci\u00f3n a pesar de su peque\u00f1o precio (en comparaci\u00f3n con otros equipos por su sencillez de uso, transporte, etc&#8230; Pues si peso aproximado es de 7Kg.<\/p>\n","protected":false},"excerpt":{"rendered":"<p>La Pistola Power, consiste en la manguera de alimentaci\u00f3n de aire, manguera de aspiraci\u00f3n de abrasivo y la pistola de la imagen. Este equipo tiene una gran producci\u00f3n a pesar de su peque\u00f1o precio (en comparaci\u00f3n con otros equipos por su sencillez de uso, transporte, etc&#8230; Pues si peso aproximado es de 7Kg.<\/p>\n","protected":false},"featured_media":292,"template":"","meta":{"_et_pb_use_builder":"","_et_pb_old_content":"","_et_gb_content_width":"","spay_email":""},"product_cat":[23],"product_tag":[],"jetpack_sharing_enabled":true,"_links":{"self":[{"href":"https:\/\/www.atlanticadechorro.com\/atlantica\/wp-json\/wp\/v2\/product\/291"}],"collection":[{"href":"https:\/\/www.atlanticadechorro.com\/atlantica\/wp-json\/wp\/v2\/product"}],"about":[{"href":"https:\/\/www.atlanticadechorro.com\/atlantica\/wp-json\/wp\/v2\/types\/product"}],"wp:featuredmedia":[{"embeddable":true,"href":"https:\/\/www.atlanticadechorro.com\/atlantica\/wp-json\/wp\/v2\/media\/292"}],"wp:attachment":[{"href":"https:\/\/www.atlanticadechorro.com\/atlantica\/wp-json\/wp\/v2\/media?parent=291"}],"wp:term":[{"taxonomy":"product_cat","embeddable":true,"href":"https:\/\/www.atlanticadechorro.com\/atlantica\/wp-json\/wp\/v2\/product_cat?post=291"},{"taxonomy":"product_tag","embeddable":true,"href":"https:\/\/www.atlanticadechorro.com\/atlantica\/wp-json\/wp\/v2\/product_tag?post=291"}],"curies":[{"name":"wp","href":"https:\/\/api.w.org\/{rel}","templated":true}]}}