{"id":295,"date":"2019-02-15T11:42:21","date_gmt":"2019-02-15T11:42:21","guid":{"rendered":"https:\/\/www.atlanticadechorro.com\/achorros\/?post_type=product&#038;p=295"},"modified":"2019-02-18T12:56:08","modified_gmt":"2019-02-18T12:56:08","slug":"arenadoras","status":"publish","type":"product","link":"https:\/\/www.atlanticadechorro.com\/atlantica\/producto\/arenadoras\/","title":{"rendered":"Arenadoras"},"content":{"rendered":"<p align=\"justify\">Seg\u00fan sea la envergadura del trabajo de chorreo, se disponen de arenadoras de distinta capacidad en litros de 200, 60, 50.<br \/>\nLa de la imagen es la Arenadora de 50Lt SCW-1628. Con control remoto neum\u00e1tico. Dispositivo de carga con fondo c\u00f3ncavo y v\u00e1lvula de cierre autom\u00e1tica para facilitar la carga del abrasivo.<\/p>\n","protected":false},"excerpt":{"rendered":"<p>Seg\u00fan sea la envergadura del trabajo de chorreo, se disponen de arenadoras de distinta capacidad en litros de 200, 60, 50. La de la imagen es la Arenadora de 50Lt SCW-1628. Con control remoto neum\u00e1tico. Dispositivo de carga con fondo c\u00f3ncavo y v\u00e1lvula de cierre autom\u00e1tica para facilitar la carga del abrasivo.<\/p>\n","protected":false},"featured_media":297,"template":"","meta":{"_et_pb_use_builder":"","_et_pb_old_content":"","_et_gb_content_width":"","spay_email":""},"product_cat":[23],"product_tag":[],"jetpack_sharing_enabled":true,"_links":{"self":[{"href":"https:\/\/www.atlanticadechorro.com\/atlantica\/wp-json\/wp\/v2\/product\/295"}],"collection":[{"href":"https:\/\/www.atlanticadechorro.com\/atlantica\/wp-json\/wp\/v2\/product"}],"about":[{"href":"https:\/\/www.atlanticadechorro.com\/atlantica\/wp-json\/wp\/v2\/types\/product"}],"wp:featuredmedia":[{"embeddable":true,"href":"https:\/\/www.atlanticadechorro.com\/atlantica\/wp-json\/wp\/v2\/media\/297"}],"wp:attachment":[{"href":"https:\/\/www.atlanticadechorro.com\/atlantica\/wp-json\/wp\/v2\/media?parent=295"}],"wp:term":[{"taxonomy":"product_cat","embeddable":true,"href":"https:\/\/www.atlanticadechorro.com\/atlantica\/wp-json\/wp\/v2\/product_cat?post=295"},{"taxonomy":"product_tag","embeddable":true,"href":"https:\/\/www.atlanticadechorro.com\/atlantica\/wp-json\/wp\/v2\/product_tag?post=295"}],"curies":[{"name":"wp","href":"https:\/\/api.w.org\/{rel}","templated":true}]}}