{"id":307,"date":"2019-02-15T12:16:46","date_gmt":"2019-02-15T12:16:46","guid":{"rendered":"https:\/\/www.atlanticadechorro.com\/achorros\/?post_type=product&#038;p=307"},"modified":"2019-02-15T12:26:08","modified_gmt":"2019-02-15T12:26:08","slug":"manguera-bitubo","status":"publish","type":"product","link":"https:\/\/www.atlanticadechorro.com\/atlantica\/producto\/manguera-bitubo\/","title":{"rendered":"Manguera bitubo"},"content":{"rendered":"<p>Manguera bitubo. Con cabezal Chorro h\u00famedo, con 3 inyectores de agua que mojan el abrasivo antes de que salga por la boquilla, evitando la expansi\u00f3n innecesaria del abrasivo. Y con cabezal de chorro h\u00famedo, que proporciona una inyecci\u00f3n de agua a alta presi\u00f3n ( de 0 a 12 bar empleando bomba neumatica).<\/p>\n","protected":false},"excerpt":{"rendered":"<p>Manguera bitubo. Con cabezal Chorro h\u00famedo, con 3 inyectores de agua que mojan el abrasivo antes de que salga por la boquilla, evitando la expansi\u00f3n innecesaria del abrasivo. Y con cabezal de chorro h\u00famedo, que proporciona una inyecci\u00f3n de agua a alta presi\u00f3n ( de 0 a 12 bar empleando bomba neumatica).<\/p>\n","protected":false},"featured_media":308,"template":"","meta":{"_et_pb_use_builder":"","_et_pb_old_content":"","_et_gb_content_width":"","spay_email":""},"product_cat":[30,23],"product_tag":[],"jetpack_sharing_enabled":true,"_links":{"self":[{"href":"https:\/\/www.atlanticadechorro.com\/atlantica\/wp-json\/wp\/v2\/product\/307"}],"collection":[{"href":"https:\/\/www.atlanticadechorro.com\/atlantica\/wp-json\/wp\/v2\/product"}],"about":[{"href":"https:\/\/www.atlanticadechorro.com\/atlantica\/wp-json\/wp\/v2\/types\/product"}],"wp:featuredmedia":[{"embeddable":true,"href":"https:\/\/www.atlanticadechorro.com\/atlantica\/wp-json\/wp\/v2\/media\/308"}],"wp:attachment":[{"href":"https:\/\/www.atlanticadechorro.com\/atlantica\/wp-json\/wp\/v2\/media?parent=307"}],"wp:term":[{"taxonomy":"product_cat","embeddable":true,"href":"https:\/\/www.atlanticadechorro.com\/atlantica\/wp-json\/wp\/v2\/product_cat?post=307"},{"taxonomy":"product_tag","embeddable":true,"href":"https:\/\/www.atlanticadechorro.com\/atlantica\/wp-json\/wp\/v2\/product_tag?post=307"}],"curies":[{"name":"wp","href":"https:\/\/api.w.org\/{rel}","templated":true}]}}