{"id":57,"date":"2018-12-18T11:48:16","date_gmt":"2018-12-18T11:48:16","guid":{"rendered":"https:\/\/www.atlanticadechorro.com\/jbaldemeru\/?post_type=product&#038;p=57"},"modified":"2019-02-11T11:12:23","modified_gmt":"2019-02-11T11:12:23","slug":"vapor-blasting-ecoquip-2","status":"publish","type":"product","link":"https:\/\/www.atlanticadechorro.com\/ibaljomeru\/producto\/vapor-blasting-ecoquip-2\/","title":{"rendered":"VAPOR BLASTING ECOQUIP 2 EQS"},"content":{"rendered":"<p>El equipo de arenado por aire comprimido y vapor EcoQuip 2 EQs de Graco es una unidad independiente dise\u00f1ada para hacer frente a los proyectos de arenado m\u00e1s convencionales. El equipo EQs se fabrica de acuerdo a normas estrictas y se puede apilar de forma segura en un almac\u00e9n.<\/p>\n<h3>Caracter\u00edsticas y beneficios del equipo EQs:<\/h3>\n<ul>\n<li>Cabe dentro de la caja de la camioneta de seis pies (1,83 m) para facilitar su transporte<\/li>\n<li>Se apila f\u00e1cilmente para ahorrar espacio<\/li>\n<li>Presi\u00f3n m\u00e1xima de arenado de 175 PSI<\/li>\n<li>Maneja tanto aplicaciones de baja y alta presi\u00f3n\/flujo de aire<\/li>\n<li>Bastidor anticolisi\u00f3n pintado<\/li>\n<li>Recipiente con revestimiento especializado de 6,5 pies c\u00fabicos.<\/li>\n<\/ul>\n","protected":false},"excerpt":{"rendered":"<p>El equipo de arenado por aire comprimido y vapor EcoQuip 2 EQs de Graco es una unidad independiente dise\u00f1ada para hacer frente a los proyectos de arenado m\u00e1s convencionales. El equipo EQs se fabrica de acuerdo a normas estrictas y se puede apilar de forma segura en un almac\u00e9n.<\/p>\n","protected":false},"featured_media":59,"template":"","meta":{"_et_pb_use_builder":"","_et_pb_old_content":"","_et_gb_content_width":"","spay_email":""},"class_list":["post-57","product","type-product","status-publish","has-post-thumbnail","hentry","product_cat-tratamiento-de-superficies"],"jetpack_sharing_enabled":true,"_links":{"self":[{"href":"https:\/\/www.atlanticadechorro.com\/ibaljomeru\/wp-json\/wp\/v2\/product\/57","targetHints":{"allow":["GET"]}}],"collection":[{"href":"https:\/\/www.atlanticadechorro.com\/ibaljomeru\/wp-json\/wp\/v2\/product"}],"about":[{"href":"https:\/\/www.atlanticadechorro.com\/ibaljomeru\/wp-json\/wp\/v2\/types\/product"}],"wp:featuredmedia":[{"embeddable":true,"href":"https:\/\/www.atlanticadechorro.com\/ibaljomeru\/wp-json\/wp\/v2\/media\/59"}],"wp:attachment":[{"href":"https:\/\/www.atlanticadechorro.com\/ibaljomeru\/wp-json\/wp\/v2\/media?parent=57"}],"curies":[{"name":"wp","href":"https:\/\/api.w.org\/{rel}","templated":true}]}}