{"id":66,"date":"2018-12-18T12:12:52","date_gmt":"2018-12-18T12:12:52","guid":{"rendered":"https:\/\/www.atlanticadechorro.com\/jbaldemeru\/?post_type=product&#038;p=66"},"modified":"2019-01-02T10:42:07","modified_gmt":"2019-01-02T10:42:07","slug":"bomba-de-membrana-atex-husky-3300","status":"publish","type":"product","link":"https:\/\/www.atlanticadechorro.com\/ibaljomeru\/producto\/bomba-de-membrana-atex-husky-3300\/","title":{"rendered":"BOMBA DE MEMBRANA ATEX HUSKY 3300"},"content":{"rendered":"<div class=\"row\">\n<div class=\"col-xs-12\">\n<div class=\"parsys introfullpar\">\n<div class=\"parsys_column cq-colctrl-lt0\">\n<div class=\"parsys_column cq-colctrl-lt0-c0\">\n<div class=\"parbase section text\">\n<p>La bomba de doble diafragma con accionamiento neum\u00e1tico Husky 3300 cuenta con una v\u00e1lvula de aire de baja pulsaci\u00f3n y sin emplazamiento que facilita el cambio r\u00e1pido. La secci\u00f3n central de una sola pieza elimina las fugas y reduce el mantenimiento en las bombas Husky en comparaci\u00f3n con otras bombas de diafragma.<\/p>\n<\/div>\n<div class=\"parbase section text\">\n<h3>Ventajas de las bombas de doble diafragma Husky 3300<\/h3>\n<ul>\n<li>Mejora general de la eficiencia (hasta un 40% m\u00e1s eficiente)<\/li>\n<li>El flujo de fluido m\u00e1s alto en su clase<\/li>\n<li>Prolonga la vida del diafragma hasta 5 veces en comparaci\u00f3n con otras bombas de diafragma con accionamiento neum\u00e1tico<\/li>\n<li>Oferta de material extendida para admitir infinitas aplicaciones<\/li>\n<li>Se ofrece en configuraci\u00f3n ATEX.<\/li>\n<\/ul>\n<\/div>\n<div class=\"section htmleditor\">\n<table class=\"husky_table\" style=\"height: 212px;\" width=\"586\" cellspacing=\"2\" cellpadding=\"2\">\n<tbody>\n<tr>\n<td class=\"husky_bold\" colspan=\"2\">\n<h3>Descripci\u00f3n general<\/h3>\n<\/td>\n<\/tr>\n<tr>\n<td class=\"husky_desc\"><strong>Presi\u00f3n m\u00e1xima del fluido<\/strong><\/td>\n<td class=\"husky_value\">\n<div class=\"metricvalue\">300 gpm (1135 lpm)<\/div>\n<\/td>\n<\/tr>\n<tr>\n<td class=\"husky_subheader\"><strong>Presi\u00f3n m\u00e1xima de descarga del fluido<\/strong><\/td>\n<td class=\"husky_subheader\">\n<div class=\"\">100 psi (7 bares, 0,7 MPa)<\/div>\n<\/td>\n<\/tr>\n<tr>\n<td class=\"husky_desc\"><strong>Tama\u00f1o m\u00e1ximo de s\u00f3lidos que se pueden bombear<\/strong><\/td>\n<td class=\"husky_value\">\n<div class=\"metricvalue\">\u00bd in (13 mm)<\/div>\n<\/td>\n<\/tr>\n<tr>\n<td class=\"husky_subheader\"><strong>Desplazamiento de fluido por ciclo<\/strong><\/td>\n<td class=\"husky_subheader\">\n<div class=\"metricvalue\">2,9 g (11 litros)<\/div>\n<\/td>\n<\/tr>\n<\/tbody>\n<\/table>\n<\/div>\n<\/div>\n<\/div>\n<\/div>\n<\/div>\n<\/div>\n","protected":false},"excerpt":{"rendered":"<p>La bomba de doble diafragma con accionamiento neum\u00e1tico Husky 3300 cuenta con una v\u00e1lvula de aire de baja pulsaci\u00f3n y sin emplazamiento que facilita el cambio r\u00e1pido. La secci\u00f3n central de una sola pieza elimina las fugas y reduce el mantenimiento en las bombas Husky en comparaci\u00f3n con otras bombas de diafragma. Ventajas de las [&hellip;]<\/p>\n","protected":false},"featured_media":67,"template":"","meta":{"_et_pb_use_builder":"","_et_pb_old_content":"","_et_gb_content_width":"","spay_email":""},"class_list":["post-66","product","type-product","status-publish","has-post-thumbnail","hentry","product_cat-atex"],"jetpack_sharing_enabled":true,"_links":{"self":[{"href":"https:\/\/www.atlanticadechorro.com\/ibaljomeru\/wp-json\/wp\/v2\/product\/66","targetHints":{"allow":["GET"]}}],"collection":[{"href":"https:\/\/www.atlanticadechorro.com\/ibaljomeru\/wp-json\/wp\/v2\/product"}],"about":[{"href":"https:\/\/www.atlanticadechorro.com\/ibaljomeru\/wp-json\/wp\/v2\/types\/product"}],"wp:featuredmedia":[{"embeddable":true,"href":"https:\/\/www.atlanticadechorro.com\/ibaljomeru\/wp-json\/wp\/v2\/media\/67"}],"wp:attachment":[{"href":"https:\/\/www.atlanticadechorro.com\/ibaljomeru\/wp-json\/wp\/v2\/media?parent=66"}],"curies":[{"name":"wp","href":"https:\/\/api.w.org\/{rel}","templated":true}]}}